of s and w?
7
Let h be (-3 + 4)*(18 - 1). Suppose 5*s + h - 37 = 0. Let q be (-20)/(-110) + (-348)/(-22). Calculate the highest common divisor of q and s.
4
Let h = 9 + -6. What is the highest common factor of h and 6?
3
Suppose 178 = 4*k - 2*f - 8, 43 = k + 3*f. Let c(j) = 26*j - 15. Let d be c(5). Calculate the highest common factor of k and d.
23
Suppose -47 - 17 = -2*t. Let v = -7168 + 7280. What is the highest common factor of t and v?
16
Let s = 329 + -252. What is the greatest common divisor of s and 385?
77
Let h(v) = -5*v - 38. Suppose 0 = f + 8 + 5. Let g be h(f). Calculate the greatest common divisor of 216 and g.
27
Suppose -3*g + 499 = 4*l, -26*g - l + 166 = -25*g. Calculate the highest common divisor of g and 22.
11
Let w = 442 + -234. Let n be 25 + -1 - 74/(-37). What is the highest common divisor of w and n?
26
Let n(j) = j**2 + 13*j + 10. Let g(z) = -2*z**2 - 25*z - 20. Let a(c) = -6*g(c) - 11*n(c). Let w be a(-8). Calculate the greatest common divisor of 9 and w.
9
Let t = -23 - -28. Suppose 0*b = t*b - 280. Calculate the highest common divisor of 8 and b.
8
Let v(a) = 14*a - 112. Let q be v(9). Suppose 4*w - 48 = -5*p, 3*w - 5*w = 2*p - 22. Calculate the highest common factor of w and q.
7
Suppose 0 = -23*i + 25*i + 116. Let r = i - -67. Calculate the greatest common factor of 45 and r.
9
Let y(p) = 2*p**2 + p - 1. Let d be y(2). Suppose 5*v = d*v + 8. Let z = v - -13. Calculate the greatest common divisor of z and 33.
11
Suppose -k + 57 = -q - 22, 3*q = 6. Calculate the greatest common divisor of k and 54.
27
Suppose -3*w + 58 = 5*z, -z + 2*w = w - 18. Let b be 175/z + (-2)/(-4). Calculate the greatest common factor of b and 65.
13
Let a(v) = -v**3 - 23*v**2 - 3*v - 57. Let d be a(-23). What is the greatest common divisor of d and 192?
12
Let z be (-4)/(-8)*(-66)/(-3). Let m(t) = -11*t. Let j be m(-7). Suppose -j = -5*k + 308. Calculate the highest common divisor of k and z.
11
Suppose 5*p + 16 = -k, 4*k + p + 8 = 5*k. Calculate the highest common divisor of 30 and k.
2
Let n = 73 - 44. Calculate the highest common factor of 232 and n.
29
Suppose 0 = 5*a - 5*m - 505, 4*m - 220 = -11*a + 9*a. Calculate the highest common factor of a and 24.
8
Let l be 4/(-10) - (-231)/15. Let d be -1*(-39)/(-6)*-22. Suppose -3*t + d = -217. Calculate the highest common divisor of t and l.
15
Let j(i) = -i**3 - 13*i**2 - 40*i + 19. Let r be j(-9). What is the greatest common factor of 22 and r?
11
Let w(f) = 2*f**2 + 43*f + 2. Let x be w(-20). Let p = 4 - x. What is the greatest common divisor of p and 93?
31
Let h(z) = -z + 79. Let y be 3/6*(36 + 2). Let g be h(y). What is the greatest common factor of 20 and g?
20
Let d = 743 + -651. Calculate the highest common divisor of 1564 and d.
92
Suppose -7*w + 869 = -503. Let x be 1*((56 - 1) + -6). What is the greatest common factor of x and w?
49
Suppose 0 = 2*r + 3*n - 45, 0*n - 12 = -4*n. What is the highest common factor of r and 162?
18
Let v(k) = -k + 6. Suppose 64*p = 58*p - 36. Let y be v(p). What is the highest common factor of 4 and y?
4
Let r be (-1)/(((-2)/12)/(-1)). Let g = r + 9. Let u be (-4)/(4/(-36)*3). What is the greatest common divisor of g and u?
3
Let h(l) = -2*l**3 - 2*l**2 + 4*l + 22. Let i be h(-3). Calculate the highest common factor of i and 1.
1
Let c = -1621 - -1971. Calculate the greatest common factor of 20 and c.
10
Let k be (-40)/(-2) + (-3 - -2). Suppose -25 + 291 = 2*i. What is the highest common divisor of i and k?
19
Let f be 37 - (10 + (-4 - 0)). What is the greatest common divisor of 217 and f?
31
Let l(k) = -3*k + 195. Let d be l(11). Calculate the highest common factor of 405 and d.
81
Let i = -30 - -51. Let v be (-2)/1 + (-3 - -299). Suppose 3*k + v = 5*k. Calculate the highest common divisor of k and i.
21
Suppose 27*r - 175 = 2*r. Calculate the greatest common divisor of 896 and r.
7
Let u be 15/(-25) - (-784)/(-10). Let i be (0 + 1)*-1 - u. What is the greatest common factor of i and 26?
26
Suppose 4*y - y + 9 = 0, -5*q - 2*y = 26. Let p be (-253)/q - 12/(-16). Suppose 521 = 2*s + 201. Calculate the highest common factor of p and s.
32
Suppose b = 2*b - 5*n - 1, b - n = -7. Let l be (b/(-6))/((-2)/(-32)). What is the highest common factor of l and 8?
8
Let h = 11 - 8. Let s be (-1 + h)/2 - 0. Let b = 245 - 244. What is the greatest common divisor of b and s?
1
Let b be (-6280)/(-56) - -4 - (-6)/7. Calculate the greatest common factor of 26 and b.
13
Let b = 3 + 1. Suppose -b*y - y + 95 = 0. Suppose 0 = j - 4*u - 0*u - 30, 0 = -u + 2. Calculate the greatest common divisor of j and y.
19
Let h = 1796 + -1674. What is the highest common factor of h and 2?
2
Suppose -5*y = l + 2*l - 109, l - 39 = y. Let h = -32 + 46. Suppose 10*c - h*c + 76 = 0. What is the highest common divisor of l and c?
19
Suppose 17*j - 12*j = -5*f + 905, -4*f - 536 = -3*j. Calculate the highest common factor of j and 36.
36
Let m = -79 - -131. What is the highest common divisor of m and 4?
4
Suppose 5*v + 90 = 2*o, 3*o + 4*v - 208 = -o. Calculate the greatest common factor of o and 35.
5
Let n(r) = 3*r + 27. Let f(u) = -u**3 + 3*u - 4. Let v be f(2). Let y be -2 + (-1)/(3/v). Let p be n(y). Calculate the greatest common factor of p and 108.
27
Let j(s) = 28*s**2 + 8*s + 26. Let r be j(-4). What is the greatest common divisor of r and 208?
26
Suppose -3*h - 2 = -m - 5, 5*h = -4*m + 56. Suppose -m = 5*o + 6. Let y be (-1 - -52) + o + 7. Calculate the highest common divisor of 11 and y.
11
Let g(u) = 2*u**3 - 5*u**2 - 4. Let s be g(5). Suppose 3*f + 4*i - 17 = 0, -6*i = 2*f - 5*i - 18. Calculate the highest common divisor of f and s.
11
Suppose 2*j - 604 = -0*r - 3*r, 2*r - 412 = j. Calculate the highest common divisor of 1530 and r.
102
Let g = -6 - -6. Suppose -7*u + 2*u + 330 = g. What is the highest common factor of u and 44?
22
Let x(j) = 7*j**2 + 2*j + 1. Let s be x(-1). Let l = 19 - 10. Suppose f + 3*d = 18, -l - 24 = -5*f + 4*d. Calculate the highest common factor of s and f.
3
Let u(o) = -o - 19. Let x be u(-20). Suppose -5*z + 10 = 0, -x = -c + 4*z + 3. Calculate the highest common divisor of 132 and c.
12
Let w = -7 + 37. Let z be w/(-20) + 159/2. Let f = z - 45. What is the greatest common factor of 11 and f?
11
Suppose 3*h = 8*h - y - 100, 5*y + 38 = 3*h. Calculate the highest common factor of 168 and h.
21
Let c be ((-34)/(-68))/((-2)/(-1216)). Calculate the greatest common divisor of c and 76.
76
Let q be 9/(-36) - (-970)/8. Let k = q + -26. What is the greatest common divisor of k and 5?
5
Suppose -1089 = -4*l - 297. Let h be -7 + 6 - (-69)/(4 - 1). Calculate the highest common factor of h and l.
22
Let w(q) = -3*q + 25. Let h be w(-2). What is the highest common factor of h and 31?
31
Let z = -128 + 289. Let p = 63 + -15. Let k be 5*(-2 + p/20) + 21. What is the greatest common factor of z and k?
23
Suppose -4*j - o + 24 = 0, j = 3*o - 7*o - 9. What is the highest common divisor of j and 42?
7
Suppose 8*p + 26 = -14. Let f be (p - -16)/((-2)/(-6)). What is the highest common factor of f and 11?
11
Suppose -r - 4*r + 5*l = -3035, 5*r + l - 3029 = 0. Suppose -2*o - 114 = -f, -6*f - 2*o = -f - r. What is the highest common factor of 48 and f?
24
Let o = 6 - -4. Suppose -2*k - 63 = -15. Let q = k - -134. Calculate the greatest common factor of q and o.
10
Suppose -77 + 95 = 6*p. Calculate the highest common factor of p and 48.
3
Let k(r) = -r**3 + 7*r**2 + 4*r - 2. Let x = -10 + 17. Let p be k(x). Let n = p - 10. Calculate the greatest common factor of 40 and n.
8
Suppose 0 = -4*q + 5*l, -3*q - 3*l = -15 - 12. Let n be 2067/65 - (-1)/q. What is the highest common factor of 352 and n?
32
Let n(d) = d**2 - 3*d + 15. Let a be n(8). What is the highest common divisor of 440 and a?
55
Let s be (-28)/(-4)*288/84. Calculate the highest common factor of 12 and s.
12
Let l be (72/6)/3*(-297)/(-6). What is the greatest common divisor of l and 22?
22
Let c be ((90/(-21))/5)/((-2)/(-14)). Let q(h) = h**3 + 5*h**2 - 8*h - 7. Let n be q(c). What is the greatest common divisor of n and 30?
5
Let a(l) = -2*l**3 - 5*l**2 - 4*l - 3. Let c be a(-2). Calculate the greatest common divisor of 29 and c.
1
Let a(l) = -4*l + 108. Let d be a(9). What is the greatest common factor of 24 and d?
2